{"id":189,"date":"2019-11-14T11:23:46","date_gmt":"2019-11-14T10:23:46","guid":{"rendered":"https:\/\/cote-choeur.com\/?page_id=189"},"modified":"2020-08-25T18:49:08","modified_gmt":"2020-08-25T16:49:08","slug":"le-mixer","status":"publish","type":"page","link":"https:\/\/cote-choeur.com\/?page_id=189","title":{"rendered":"Le Mixer"},"content":{"rendered":"\n<p><em>Choristes, <a href=\"https:\/\/cote-choeur.com\/mixer\/login.php\">connectez-vous avec vos identifiants pour acc\u00e9der au Mixer<\/a>, outil d&rsquo;\u00e9coute et de travail d\u00e9di\u00e9 au projet Jean Andreu \/ C\u00f4t\u00e9 Ch\u0153ur.<\/em><\/p>\n\n\n\n<h2 class=\"wp-block-heading\">Qu&rsquo;est-ce que le Mixer ?<\/h2>\n\n\n\n<p>Le Mixer est un outil intuitif et simple permettant aux choristes de travailler et r\u00e9p\u00e9ter depuis un ordinateur, un smartphone ou une tablette. <\/p>\n\n\n\n<p>Il se Compose des pistes d&rsquo;un morceau que le choristes peut faire varier en volume. Il peut par exemple ne laisser que la musique, ou son seul pupitre, ou bien encore augmenter le volume de son pupitre. <\/p>\n\n\n\n<p>Chaque morceau est accompagn\u00e9 de la partition t\u00e9l\u00e9chargeable et des paroles de la chanson en question !<\/p>\n\n\n\n<iframe loading=\"lazy\" width=\"560\" height=\"400\" src=\"https:\/\/www.youtube.com\/embed\/bNe2I59YFqM\" frameborder=\"0\" allow=\"accelerometer; autoplay; encrypted-media; gyroscope; picture-in-picture\" allowfullscreen><\/iframe>\n","protected":false},"excerpt":{"rendered":"<p>Choristes, connectez-vous avec vos identifiants pour acc\u00e9der au Mixer, outil d&rsquo;\u00e9coute et de travail d\u00e9di\u00e9 au projet Jean Andreu \/ C\u00f4t\u00e9 Ch\u0153ur. Qu&rsquo;est-ce que le Mixer ? Le Mixer est un outil intuitif et simple permettant aux choristes de travailler et r\u00e9p\u00e9ter depuis un ordinateur, un smartphone ou une tablette. Il se Compose des pistes d&rsquo;un morceau que le choristes peut faire varier en volume. Il peut par exemple ne laisser que la musique, ou son seul pupitre, ou bien encore augmenter le volume de son pupitre. Chaque morceau est accompagn\u00e9 de la partition t\u00e9l\u00e9chargeable et des paroles de la&#8230; <\/p>\n","protected":false},"author":1,"featured_media":0,"parent":0,"menu_order":0,"comment_status":"closed","ping_status":"closed","template":"","meta":{"footnotes":""},"class_list":["post-189","page","type-page","status-publish","hentry"],"_links":{"self":[{"href":"https:\/\/cote-choeur.com\/index.php?rest_route=\/wp\/v2\/pages\/189","targetHints":{"allow":["GET"]}}],"collection":[{"href":"https:\/\/cote-choeur.com\/index.php?rest_route=\/wp\/v2\/pages"}],"about":[{"href":"https:\/\/cote-choeur.com\/index.php?rest_route=\/wp\/v2\/types\/page"}],"author":[{"embeddable":true,"href":"https:\/\/cote-choeur.com\/index.php?rest_route=\/wp\/v2\/users\/1"}],"replies":[{"embeddable":true,"href":"https:\/\/cote-choeur.com\/index.php?rest_route=%2Fwp%2Fv2%2Fcomments&post=189"}],"version-history":[{"count":6,"href":"https:\/\/cote-choeur.com\/index.php?rest_route=\/wp\/v2\/pages\/189\/revisions"}],"predecessor-version":[{"id":246,"href":"https:\/\/cote-choeur.com\/index.php?rest_route=\/wp\/v2\/pages\/189\/revisions\/246"}],"wp:attachment":[{"href":"https:\/\/cote-choeur.com\/index.php?rest_route=%2Fwp%2Fv2%2Fmedia&parent=189"}],"curies":[{"name":"wp","href":"https:\/\/api.w.org\/{rel}","templated":true}]}}